-2888?
24c0
In base 15, what is 40 - bbe0b?
-bbdbb
In base 9, what is -3666 + -11263?
-15040
In base 11, what is 23 - -89?
101
In base 3, what is -220 + -12222010121200?
-12222010122120
In base 9, what is -3453371 + 23?
-3453347
In base 4, what is 33111320221 + 2?
33111320223
In base 2, what is -11101000001 + 1111000101110?
1011011101101
In base 16, what is 2 + 6f49ca?
6f49cc
In base 6, what is 53511 - 131042?
-33131
In base 10, what is 1 - -1019406?
1019407
In base 4, what is 213203000 - -2?
213203002
In base 14, what is -116226 - -329?
-115cdb
In base 9, what is -14187852 - -65?
-14187776
In base 14, what is bbd9a67 + -2?
bbd9a65
In base 14, what is 256d - -a494?
ca23
In base 16, what is 1b16 + -22d?
18e9
In base 14, what is -23 - 8412c4?
-841307
In base 9, what is -8487520 + 0?
-8487520
In base 14, what is a3ab0 - -32?
a3b02
In base 15, what is -5757d - 0?
-5757d
In base 16, what is -977f1a - -3?
-977f17
In base 2, what is -10 - -1110001001010001101001111001?
1110001001010001101001110111
In base 8, what is 40436 + 460?
41116
In base 15, what is 1 + -8aeba2?
-8aeba1
In base 11, what is 1850a + 83a?
19249
In base 9, what is -13016801 + 204?
-13016586
In base 14, what is -6 - 15a68a8?
-15a68b0
In base 6, what is 1102142041 - 3?
1102142034
In base 13, what is 626a0c7 - 5?
626a0c2
In base 7, what is -125 + -22262210?
-22262335
In base 14, what is -152d - -133?
-13da
In base 9, what is -1218 - 1518?
-2737
In base 2, what is 1100011100111101010101010 - -1001?
1100011100111101010110011
In base 14, what is -3a36a - -2c9?
-3a081
In base 11, what is -397224 + -146?
-39736a
In base 10, what is 151540 - -1060?
152600
In base 15, what is -2 - be42e2?
-be42e4
In base 13, what is 5250449 - 3?
5250446
In base 5, what is -322301401233 + -10?
-322301401243
In base 10, what is -63733 - -374?
-63359
In base 5, what is -11433 + -22413?
-34401
In base 3, what is -211200221021211 + 0?
-211200221021211
In base 9, what is 103464 + -2223?
101241
In base 13, what is 7b66057 - -3?
7b6605a
In base 9, what is 1648182 - 35?
1648146
In base 15, what is -9b53473 + -8?
-9b5347b
In base 13, what is 167672 - 16?
167659
In base 7, what is 2606 - 312214?
-306305
In base 6, what is 1 - 2400234351?
-2400234350
In base 3, what is -2110100201120 - -112200?
-2110100011220
In base 14, what is 1922a7 - a?
19229b
In base 4, what is -321 + 233033130?
233032203
In base 10, what is -11486336 - 11?
-11486347
In base 16, what is -15313 - 4?
-15317
In base 15, what is 298e2 + -1798?
28149
In base 13, what is 49c + 1544?
1a13
In base 12, what is 273a574 - -3?
273a577
In base 8, what is -5415 - 36010?
-43425
In base 4, what is 0 + -31212130100?
-31212130100
In base 13, what is -107 + -413?
-51a
In base 14, what is -2445565 + 4?
-2445561
In base 12, what is -1 - -727a541?
727a540
In base 7, what is 113311552 - 210?
113311342
In base 8, what is 34 + -723455?
-723421
In base 16, what is 45 - -104209?
10424e
In base 11, what is -64308 - 3a05?
-68212
In base 8, what is -12 + 33556544?
33556532
In base 11, what is -192 + 4569?
4387
In base 6, what is 3032 - -105032442?
105035514
In base 12, what is 1b81b - a52?
1a989
In base 11, what is 1309a23 - 7?
1309a17
In base 13, what is -5 - -4871696?
4871691
In base 3, what is -220 + -121101210012?
-121101211002
In base 10, what is -1693 - 261238?
-262931
In base 4, what is 300311011 + -133?
300310212
In base 5, what is -12120 + 1200210?
1133040
In base 8, what is -5705254711 + 4?
-5705254705
In base 2, what is -111100001010010 + -11011110?
-111100100110000
In base 7, what is 22222506 + 142?
22222651
In base 7, what is 232163 - 125?
232035
In base 8, what is -5 - 652300000?
-652300005
In base 7, what is 1 + 124135522?
124135523
In base 13, what is 5 - 31525c6?
-31525c1
In base 6, what is -443154305 + -22?
-443154331
In base 5, what is -10 + -22331222120?
-22331222130
In base 3, what is 1121220122200122 + 10?
1121220122200202
In base 4, what is 200202 - -1032103?
1232311
In base 9, what is 65 + 4104?
4170
In base 5, what is -14 - 1301432420?
-1301432434
In base 14, what is -5b - 3b057?
-3b0b4
In base 16, what is 392d + b7d?
44aa
In base 7, what is 1305161 - 14135?
1261023
In base 13, what is -12 - -6333176?
6333164
In base 4, what is 300012203021233 + 1?
300012203021300
In base 6, what is 2133241530 + -1?
2133241525
In base 9, what is -377172 + -37?
-377220
In base 11, what is -96 - 86534?
-8661a
In base 4, what is 1 - 11200110310?
-11200110303
In base 5, what is -4040 - -102134?
43044
In base 3, what is 122 + -1012202122110021?
-1012202122102122
In base 16, what is -4 - 4887cd?
-4887d1
In base 16, what is d0b - -79b?
14a6
In base 11, what is 139591 + -760?
138931
In base 14, what is -186a4a + 2a4?
-186786
In base 5, what is 1311404344 + -242?
1311404102
In base 9, what is -2061 + 28482?
26421
In base 15, what is 25ed0 - ee?
25dd1
In base 2, what is -10100010011100000100100101000 - -100?
-10100010011100000100100100100
In base 5, what is -13 + 244403013?
244403000
In base 8, what is 476332 - -35?
476367
In base 9, what is 4 + 87157?
87162
In base 3, what is -2002 - -2222201122?
2222122120
In base 2, what is -100110 + 1011100101011101?
1011100100110111
In base 11, what is -11a15471 + 6?
-11a15466
In base 2, what is -100 + -111101010101100111000001111?
-111101010101100111000010011
In base 6, what is 1253021511 - -1?
1253021512
In base 12, what is -7 - 2617b9?
-261804
In base 2, what is -10 - -10100000010000101101101010?
10100000010000101101101000
In base 9, what is 2 + 36357576?
36357578
In base 15, what is 3131bb1 - -4?
3131bb5
In base 16, what is 114 + -11f536?
-11f422
In base 15, what is 23ce12 + 17?
23ce29
In base 12, what is 5b70 - -1263?
7213
In base 13, what is -a8035 + 51?
-a7cb4
In base 4, what is 11 + -103322121333?
-103322121322
In base 5, what is -31423 - 11223320?
-11310243
In base 7, what is -201 - 12640253?
-12640454
In base 14, what is -35 - -18021b?
1801c6
In base 3, what is 2012202111022 - 1022012?
2012201012010
In base 13, what is 5 - 50bb03?
-50bacb
In base 13, what is -3 - -14509c0?
14509ba
In base 12, what is 47 - 128002?
-127b77
In base 10, what is -5 - -27039270?
27039265
In base 13, what is -519 + 26940?
26424
In base 16, what is 4e + 4fd54e?
4fd59c
In base 15, what is -280 + -31c1?
-3451
In base 13, what is 1192563 - 5?
119255b
In base 14, what is 7 - ab374?
-ab36b
In base 6, what is -332 + -44242?
-45014
In base 12, what is 22975 - -5699?
28452
In base 7, what is 4231430 + -3?
4231424
In base 6, what is -101415255 + 110?
-101415145
In base 2, what is -1100111111000 - -11100000011111?
1111000100111
In base 10, what is 4 - 5541809?
-5541805
In base 11, what is -82830 - -a95?
-81846
In base 5, what is 33143212 + 13?
33143230
In base 9, what is 327 + -17457?
-17130
In base 2, what is 10011000011110100001 + -1000?
10011000011110011001
In base 4, what is 10 - -10001031213200?
10001031213210
In base 14, what is -3354 - 53?
-33a7
In base 15, what is -6 + -2b49a60?
-2b49a66
In base 8, what is 7333252 - 412?
7332640
In base 12, what is -102 - -238b8?
237b6
In base 14, what is -573 + 1a3d?
14aa
In base 4, what is -202212021 - 131?
-202212212
In base 4, what is 3 + 303120123300?
303120123303
In base 15, what is -5 - -23a2e6?
23a2e1
In base 12, what is -566 + -19b6?
-2360
In base 2, what is 111011110110000 + -110110000?
111011000000000
In base 16, what is 2297b31 + a?
2297b3b
In base 3, what is -1121201222202 + -101122?
-1121202101101
In base 5, what is 131 - 403240044?
-403234413
In base 12, what is 20 + 128067?
128087
In base 3, what is 111121 + -22112001112?
-22111112221
In base 7, what is -1555060266 - -10?
-1555060256
In base 9, what is 11 - -276085?
276106
In base 13, what is 22222 + 918?
22b3a
In base 11, what is -2625542 + -1?
-2625543
In base 9, what is 1 - 233516340?
-233516338
In base 13, what is a1 + 42044?
42115
In base 7, what is 10062 - 43152?
-33060
In base 15, what is 422c6 + 0?
422c6
In base 4, what is 13310233101 - 1031?
13310232010
In base 5, what is 0 - 122203141243?
-122203141243
In base 16, what is 5 + -1da8c97?
-1da8c92
In base 7, what is -10453 + 155?
-10265
In base 13, what is -5ac9 + 6382?
586
In base 13, what is c55 - 26c5?
-1770
In base 8, what is 6340560 - 207?
6340351
In base 16, what is 551d - 1be0?
393d
In base 